37, 223
What are the prime factors of 4910125?
5, 11, 3571
What are the prime factors of 133481?
133481
List the prime factors of 1012521.
3, 43, 47, 167
What are the prime factors of 51043?
51043
What are the prime factors of 1695487?
101, 16787
What are the prime factors of 317807?
7, 83, 547
List the prime factors of 1128059.
31, 36389
What are the prime factors of 2309959?
23, 67, 1499
List the prime factors of 12091532.
2, 3022883
List the prime factors of 163347.
3, 54449
List the prime factors of 1010580.
2, 3, 5, 16843
List the prime factors of 5934596.
2, 47, 31567
What are the prime factors of 315595?
5, 7, 71, 127
What are the prime factors of 1525946?
2, 762973
What are the prime factors of 414899?
414899
List the prime factors of 6453625.
5, 17, 3037
List the prime factors of 21071327.
101, 208627
List the prime factors of 2789591.
7, 47, 61, 139
What are the prime factors of 1454323?
13, 111871
List the prime factors of 34433322.
2, 3, 7, 11, 74531
What are the prime factors of 50767?
50767
What are the prime factors of 290533?
290533
What are the prime factors of 21064664?
2, 2633083
What are the prime factors of 97247?
31, 3137
What are the prime factors of 3154478?
2, 103, 15313
List the prime factors of 2173278.
2, 3, 362213
What are the prime factors of 643058?
2, 13, 24733
List the prime factors of 1224024.
2, 3, 51001
List the prime factors of 461865.
3, 5, 41, 751
List the prime factors of 7418853.
3, 13, 63409
What are the prime factors of 2022159?
3, 97, 6949
What are the prime factors of 354845?
5, 70969
List the prime factors of 19595.
5, 3919
What are the prime factors of 264336?
2, 3, 5507
What are the prime factors of 18521433?
3, 7, 43, 53
What are the prime factors of 138256?
2, 8641
What are the prime factors of 10314671?
10314671
List the prime factors of 1485887.
13, 114299
What are the prime factors of 498059?
47, 10597
What are the prime factors of 1780850?
2, 5, 35617
What are the prime factors of 118627?
313, 379
What are the prime factors of 1655699?
127, 13037
List the prime factors of 2916909.
3, 324101
List the prime factors of 973471.
17, 173, 331
What are the prime factors of 6911?
6911
What are the prime factors of 14383318?
2, 31, 113, 2053
What are the prime factors of 473905?
5, 94781
List the prime factors of 26517502.
2, 11, 19, 63439
What are the prime factors of 129993?
3, 43331
List the prime factors of 12732792.
2, 3, 530533
List the prime factors of 596994.
2, 3, 29, 47, 73
What are the prime factors of 187621?
7, 547
What are the prime factors of 5088102?
2, 3, 848017
List the prime factors of 196700.
2, 5, 7, 281
List the prime factors of 16370761.
11, 19, 29, 37, 73
What are the prime factors of 9514064?
2, 7, 84947
List the prime factors of 297748.
2, 11, 67, 101
What are the prime factors of 10171202?
2, 17, 293, 1021
What are the prime factors of 1189304?
2, 148663
List the prime factors of 1812331.
23, 78797
List the prime factors of 97618.
2, 48809
What are the prime factors of 10211222?
2, 7, 729373
What are the prime factors of 3873728?
2, 60527
List the prime factors of 17988052.
2, 109, 41257
List the prime factors of 23104072.
2, 43, 47, 1429
List the prime factors of 4646824.
2, 7, 13, 491
List the prime factors of 187678.
2, 107, 877
What are the prime factors of 8697493?
7, 359, 3461
List the prime factors of 268743.
3, 29, 3089
What are the prime factors of 2165127?
3, 721709
What are the prime factors of 387250?
2, 5, 1549
List the prime factors of 288416.
2, 9013
What are the prime factors of 2258858?
2, 7, 17, 9491
What are the prime factors of 306239?
306239
List the prime factors of 688901.
73, 9437
List the prime factors of 470101.
17, 27653
What are the prime factors of 5680519?
13, 436963
List the prime factors of 432444.
2, 3, 36037
List the prime factors of 6658381.
1699, 3919
What are the prime factors of 670084?
2, 167521
List the prime factors of 3122777.
7, 446111
List the prime factors of 340014.
2, 3, 61, 929
List the prime factors of 97961.
97961
What are the prime factors of 13559769?
3, 1506641
List the prime factors of 5987511.
3, 665279
List the prime factors of 2568143.
269, 9547
What are the prime factors of 4840792?
2, 11, 55009
What are the prime factors of 1213362?
2, 3, 67409
What are the prime factors of 5047803?
3, 467, 1201
What are the prime factors of 103447?
31, 47, 71
List the prime factors of 314826.
2, 3, 137, 383
What are the prime factors of 111000?
2, 3, 5, 37
What are the prime factors of 1099967?
11, 19, 277
List the prime factors of 6479382.
2, 3, 7, 13, 11867
What are the prime factors of 5196736?
2, 81199
List the prime factors of 1360835.
5, 7, 59, 659
List the prime factors of 408787.
408787
List the prime factors of 10287856.
2, 17, 109, 347
What are the prime factors of 2110140?
2, 3, 5, 19, 617
List the prime factors of 2764880.
2, 5, 17, 19, 107
What are the prime factors of 50128?
2, 13, 241
List the prime factors of 2136533.
7, 305219
What are the prime factors of 251338?
2, 125669
List the prime factors of 723502.
2, 13, 27827
What are the prime factors of 34376141?
71, 484171
List the prime factors of 1246615.
5, 283, 881
List the prime factors of 696.
2, 3, 29
List the prime factors of 399828.
2, 3, 11, 13, 233
What are the prime factors of 1374461?
11, 124951
List the prime factors of 18254978.
2, 7, 29, 44963
List the prime factors of 350182.
2, 7, 25013
What are the prime factors of 218002?
2, 109001
List the prime factors of 4782054.
2, 3, 797009
List the prime factors of 61199.
19, 3221
What are the prime factors of 86629?
86629
What are the prime factors of 16802039?
3559, 4721
List the prime factors of 12555194.
2, 23, 191, 1429
List the prime factors of 647599.
29, 137, 163
What are the prime factors of 351178?
2, 53, 3313
What are the prime factors of 394739?
394739
List the prime factors of 320689.
23, 73, 191
List the prime factors of 14219044.
2, 7, 179, 2837
What are the prime factors of 18983112?
2, 3, 47, 16829
What are the prime factors of 695811?
3, 41, 5657
List the prime factors of 2964604.
2, 373, 1987
What are the prime factors of 14132?
2, 3533
List the prime factors of 186364.
2, 46591
List the prime factors of 1669132.
2, 417283
What are the prime factors of 238152?
2, 3, 9923
What are the prime factors of 14588114?
2, 2273, 3209
List the prime factors of 1773449.
43, 41243
List the prime factors of 592546.
2, 296273
List the prime factors of 143319.
3, 11, 43, 101
What are the prime factors of 3753849?
3, 11, 19, 5987
What are the prime factors of 143164?
2, 7, 5113
List the prime factors of 10562162.
2, 13, 31249
List the prime factors of 806399.
11, 73309
What are the prime factors of 17408977?
211, 82507
What are the prime factors of 1038326?
2, 17, 30539
What are the prime factors of 2387828?
2, 241, 2477
List the prime factors of 644088.
2, 3, 47, 571
What are the prime factors of 3709052?
2, 47, 109, 181
List the prime factors of 1349273.
17, 139, 571
List the prime factors of 279315.
3, 5, 2069
List the prime factors of 408474.
2, 3, 11, 2063
List the prime factors of 185618.
2, 92809
List the prime factors of 3663736.
2, 419, 1093
What are the prime factors of 2237946?
2, 3, 23, 16217
List the prime factors of 1443926.
2, 11, 65633
What are the prime factors of 2602754?
2, 7, 11, 16901
What are the prime factors of 29065331?
1091, 26641
What are the prime factors of 690343?
137, 5039
List the prime factors of 1157822.
2, 19, 30469
What are the prime factors of 8524443?
3, 821, 3461
What are the prime factors of 3040165?
5, 608033
What are the prime factors of 7133009?
13, 548693
What are the prime factors of 311556?
2, 3, 7, 3709
What are the prime factors of 1859751?
3, 206639
What are the prime factors of 2037818?
2, 233, 4373
List the prime factors of 40118784.
2, 3, 26119
What are the prime factors of 9019795?
5, 23, 41, 1913
List the prime factors of 152359.
151, 1009
List the prime factors of 301880.
2, 5, 7547
List the prime factors of 1649115.
3, 5, 13, 2819
What are the prime factors of 597336?
2, 3, 24889
List the prime factors of 7564674.
2, 3, 13, 293, 331
What are the prime factors of 946105?
5, 19, 23, 433
What are the prime factors of 871879?
17, 51287
List the prime